e o(-3).
93
Let d(q) = 18*q - 100. What is d(0)?
-100
Let i(v) = -60*v - 523. Determine i(-7).
-103
Let f(v) = -49*v**2 - 7*v + 118. Give f(0).
118
Let h(z) = -3291*z - 98737. Give h(-30).
-7
Let o(z) = 26*z - 1512. What is o(58)?
-4
Let y(o) = -6*o**2 - 2*o + 6. What is y(1)?
-2
Let z(u) = -15*u - 801. Calculate z(-54).
9
Let g(y) = -493*y - 47. Determine g(-1).
446
Let l(m) = 2*m**3 + 149*m**2 + 82*m + 578. Calculate l(-74).
-14
Let l(c) = 3*c**3 + 32*c**2 + 47*c + 34. Calculate l(-9).
16
Let u(c) = -42*c**2 - 464*c - 20. Determine u(-11).
2
Let u(h) = -2*h**2 - 38*h - 98. Determine u(-16).
-2
Let u(d) = -d**3 - 10*d**2 - 9*d + 1. What is u(-7)?
-83
Let d(b) = -1385*b + 109420. What is d(79)?
5
Let j(a) = -30*a - 236. Determine j(-11).
94
Let y(s) = s**3 - 4*s**2 - 6*s - 8. Calculate y(6).
28
Let t(c) = 2*c**2 + 27*c - 2857. Give t(-45).
-22
Let v(k) = k**3 + 108*k**2 + 2585*k - 506. Calculate v(-72).
-2
Let f(t) = t**2 + 19*t + 111. What is f(-7)?
27
Let d(s) = -4*s**2 - 162*s + 271. What is d(-42)?
19
Let j(c) = -46*c - 289. Determine j(-10).
171
Let k(s) = 2*s**3 - 9*s**2 - 25*s + 3. What is k(-5)?
-347
Let i(u) = u**3 - 7*u**2 + 2*u + 12. Give i(4).
-28
Let v(p) = 5*p**2 + 84*p + 128. Calculate v(-15).
-7
Let d(r) = r**3 - 12*r**2 + 55*r - 303. What is d(10)?
47
Let w(p) = p**2 - 2452*p - 14763. Determine w(-6).
-15
Let g(d) = -37*d - 3799. Determine g(-102).
-25
Let r(u) = 2*u**2 + 57*u - 2. Determine r(-3).
-155
Let s(l) = -l**3 - 15*l**2 + 19*l. Give s(-15).
-285
Let a(g) = -g**3 + g**2 + 2*g - 160. Calculate a(0).
-160
Let z(l) = -463*l**3 + 5*l**2 + 4*l. What is z(-1)?
464
Let l(p) = -17*p + 1307. Give l(77).
-2
Let j(s) = 3110*s + 46650. What is j(-15)?
0
Let t(x) = 4*x**3 + 226*x**2 - 352*x - 223. Give t(-58).
9
Let n(q) = -q**3 + 6*q**2 + 75*q + 28. Give n(-9).
568
Let l(b) = 5*b**3 + 144*b**2 - 13*b + 464. What is l(-29)?
0
Let u(g) = -52*g + 307. Calculate u(6).
-5
Let j(m) = 411*m + 10647. What is j(-26)?
-39
Let q(z) = z**2 - 28*z + 197. Determine q(11).
10
Let w(b) = -87*b - 432. What is w(-5)?
3
Let b(i) = 25*i + 53. Give b(2).
103
Let m(f) = -201*f - 1542. Calculate m(-7).
-135
Let s(a) = 63*a**2 + 37*a + 66. Determine s(-2).
244
Let x(s) = 605*s - 6694. Calculate x(11).
-39
Let b(r) = -3*r + 102. Give b(26).
24
Let u(y) = -40*y + 176. What is u(3)?
56
Let r(n) = n**3 - 8*n**2 - 158*n + 45. Determine r(16).
-435
Let x(k) = k**3 - 5*k**2 - 73*k - 103. Calculate x(-5).
12
Let x(n) = 96*n**2 - 32*n - 32. What is x(-1)?
96
Let v(d) = -d**3 - 11*d**2 + 15*d - 132. Give v(-13).
11
Let q(s) = -s**3 - 10*s**2 + 11*s - 103. What is q(-12)?
53
Let l(y) = y**2 + 19*y - 314. Calculate l(14).
148
Let h(x) = 2*x**2 + 20*x - 914. Determine h(17).
4
Let n(c) = -2*c**2 + 53*c - 52. What is n(14)?
298
Let c(a) = -a**3 - 49*a**2 - 588*a - 1382. What is c(-32)?
26
Let v(g) = -g**3 + g**2 - 2*g + 31. Determine v(0).
31
Let c(a) = -2*a**3 + 181*a**2 + 654*a + 369. What is c(94)?
-7
Let u(c) = 145*c - 11458. Determine u(79).
-3
Let j(f) = -9*f**2 - 102*f - 50. Give j(-12).
-122
Let o(i) = i**3 + 25*i**2 + 3. What is o(-25)?
3
Let d(l) = 14*l**2 + 302*l + 446. Give d(-20).
6
Let y(x) = x**2 + 12*x + 22. Calculate y(-2).
2
Let o(q) = -10*q**2 - 11*q + 124. Calculate o(7).
-443
Let d(g) = 30*g**2 - 11*g - 20. What is d(1)?
-1
Let r(p) = 18*p**2 + 142*p + 1014. Give r(-8).
1030
Let g(z) = 2*z**3 + 22*z**2 + 2*z - 33. What is g(-11)?
-55
Let w(t) = -6*t**3 + 373*t**2 - 66*t + 278. Determine w(62).
30
Let i(y) = 55*y + 909. What is i(-15)?
84
Let z(m) = -50*m**2 - 2*m + 4. What is z(1)?
-48
Let n(o) = -6*o**2 + 154*o - 104. Determine n(25).
-4
Let b(q) = -155*q - 21851. Give b(-141).
4
Let n(w) = 2*w**3 - 24*w**2 + 70*w - 8. Give n(6).
-20
Let j(m) = m**3 - 32*m**2 + 36*m - 34. Calculate j(31).
121
Let k(t) = -2*t**3 - 28*t**2 + 8*t + 19. Calculate k(-14).
-93
Let q(b) = -b**2 + 5*b + 59. Determine q(-10).
-91
Let f(r) = -3*r**3 - 35*r**2 + 11*r - 20. Determine f(-12).
-8
Let d(b) = -45*b**3 + 25*b**2 - 22*b - 4. What is d(1)?
-46
Let o(s) = -s**2 - 61*s - 292. What is o(-7)?
86
Let p(h) = -470*h - 1368. Calculate p(-3).
42
Let q(g) = 2*g**3 - 23*g**2 + 69*g + 17. Calculate q(4).
53
Let n(l) = -l**2 + 13*l - 173. Determine n(7).
-131
Let s(l) = -6*l**2 + 102*l + 825. Determine s(23).
-3
Let d(x) = -x**2 + 33*x + 855. What is d(-17)?
5
Let m(v) = v**2 - 43*v + 106. Give m(32).
-246
Let h(y) = 171*y + 2028. Determine h(-12).
-24
Let a(i) = i**2 - 31*i + 105. What is a(3)?
21
Let x(b) = b**3 + 46*b**2 + 205*b - 38. Calculate x(-41).
-38
Let j(c) = -2672*c + 26696. Determine j(10).
-24
Let x(i) = 39*i - 1144. Determine x(31).
65
Let w(d) = 105*d - 3144. What is w(30)?
6
Let f(k) = 5*k**3 + 2*k**2 + 30*k - 68. What is f(2)?
40
Let x(y) = -y**3 - 19*y**2 + 109*y + 954. Determine x(-22).
8
Let f(h) = -h**3 - 7*h**2 + 76*h - 74. Give f(5).
6
Let h(l) = 51*l**2 + 238*l - 3. Determine h(-3).
-258
Let n(x) = -5*x**3 - 195*x**2 - 33. Determine n(-39).
-33
Let i(o) = -2*o**2 + 62*o - 649. Determine i(13).
-181
Let u(g) = -3*g**3 + 74*g**2 - 40*g - 195. Give u(24).
-3
Let t(k) = 2*k**2 - 117*k - 1450. What is t(69)?
-1
Let p(w) = -w**3 - 5*w**2 + 191*w + 19. Determine p(-17).
240
Let k(u) = -u**3 + 9*u**2 + u - 142. Give k(6).
-28
Let g(o) = o**3 + 41*o**2 - 45*o + 17. What is g(-42)?
143
Let l(b) = 60*b**3 + 10*b - 8. Give l(1).
62
Let s(f) = -f**2 - 51*f - 106. Calculate s(-49).
-8
Let a(b) = 2*b**3 + 29*b**2 + 3*b + 263. Give a(-15).
-7
Let b(p) = -p**2 + 2989*p + 11970. What is b(-4)?
-2
Let d(p) = -16*p + 20. Determine d(-4).
84
Let b(y) = -3*y**3 + 39*y**2 + 93*y - 41. What is b(15)?
4
Let r(a) = a**3 - 36*a**2 + 22*a - 77. What is r(35)?
-532
Let n(i) = -2*i**3 + 47*i**2 + 73*i + 174. What is n(25)?
124
Let n(h) = 3*h**2 - 162*h - 247. Calculate n(54).
-247
Let i(z) = -7*z**3 - z**2 + 47*z - 15. Calculate i(4).
-291
Let l(n) = -34*n - 60. Give l(-5).
110
Let o(m) = -11*m + 102. Calculate o(10).
-8
Let l(h) = 157*h + 3756. Determine l(-24).
-12
Let p(q) = -q**2 + 2105*q - 29253. Calculate p(14).
21
Let o(c) = c**3 - 23*c**2 - 160*c + 1412. Give o(27).
8
Let b(w) = w**3 - 6*w**2 - 8*w + 92. What is b(5)?
27
Let x(y) = -2*y**2 + 197*y + 608. What is x(-3)?
-1
Let r(b) = b**2 - 52*b - 269. Determine r(-5).
16
Let k(z) = -z**3 + 13*z**2 - 40*z + 6. Give k(8).
6
Let z(f) = f**3 + 77*f**2 - 877*f + 65. Determine z(10).
-5
Let w(f) = -f**2 + 12*f - 18. Calculate w(3).
9
Let y(w) = w**3 - 13*w**2 + 32*w - 93. Determine y(11).
17
Let s(t) = -9*t + 189. Give s(29).
-72
Let y(b) = -b**3 - 19*b**2 - 19*b + 126. Calculate y(-16).
-338
Let m(g) = 2*g**2 + 2*g - 66. What is m(0)?
-66
Let f(i) = 11*i - 600. Give f(84).
324
Let m(o) = 8*o + 36. Determine m(8).
100
Let r(q) = -159*q + 727. What is r(5)?
-68
Let p(n) = 3*n**3 + 101*n**2 - 27*n + 253. Give p(-34).
15
Let l(x) = 1151*x + 16115. Give l(-14).
1
Let n(y) = -y**3 - 33*y**2 + 102*y - 186. What is n(-36)?
30
Let o(q) = -q**3 + 76*q**2 - 170*q + 7115. Determine o(75).
-10
Let v(b) = -325*b - 2248. Calculate v(-7).
27
Let f(q) = -4*q**2 - 126*q + 109. Give f(-33).
-89
Let l(r) = -50*r + 372. Calculate l(7).
22
Let u(m) = 124*m + 462. What is u(-4)?
-34
Let z(t) = 172*t - 1153. Determine z(7).
51
Let d(n) = -2*n**2 + 4*n + 3. Determine d(2).
3
Let k(c) = -68*c + 2771. What is k(41)?
-17
Let i(b) = -b**2 - 52*b - 114. Give i(-48).
78
Let u(d) = -7*d**2 - 42*d + 17. Give u(-7).
-32
Let v(c) = 2*c**2 + 2*c + 30. What is v(10)?
250
Let f(t) = 208*t - 640. Give f(3).
-16
Let i(o) = 17*o**2 + 39*o + 25. Calculate i(-3).
61
Let f(y) = -8*y**2 + 113*y - 117. Calculate f(13).
0
Let a(n) = -9*n**2 + 99*n - 268. Give a(6).
2
Let p(v) = 2*v**2 + 154*v - 183. What is p(-73)?
-767
Let w(g) = 2*g**2 + 509*g - 9532. Calculate w(-272).
-12
Let y(f) = -13*f**3 - 2*f**2 - f. Calculate y(-1).
12
Let k(v) = -3*v**2 + 49*v - 144. What is k(3)?
-24
Let a(d) = d**2 + 27*d + 261. Give a(-10).
91
Let j(g) = -g**3 - 14*g**2 - 10*g + 51. Calculate j(-13).
12
Let h(f) = 5*f + 139. Give h(-20).
39
Let v(y) = 3*y**2 - 137*y + 486. Calculate v(4).
-14
Let l(x) = -3*x**2 - 9*x + 8. Calculate l(-9).
-154
Let j(r) = r**2 - 1692. Give j(-41).
-11
Let q(l) = -1318*l + 11700. Determine q(9).
-162
Let o(l) = 20*l**3 + 6*l**2 - 35*l - 118. Determine o(-3).